s the remainder when y(5) is divided by 13?
10
Let u(j) = j**2 - 15*j - 70. What is the remainder when u(29) is divided by 111?
3
Suppose -5*r + n + 418 = 0, -242 = 3*r - 6*r + 5*n. Suppose -c + r = 6*c. Calculate the remainder when 23 is divided by c.
11
Suppose 4*t - 3*k = 471, 37*t = 40*t + 4*k - 347. Calculate the remainder when t is divided by 53.
11
Let t(z) = z**3 + 16*z**2 - 143*z - 223. What is the remainder when ((-1204)/12)/((-3)/9) is divided by t(-22)?
16
Suppose 2*t - 4*v - 160 = 0, -2*v = 5*t - 1366 + 906. What is the remainder when 557 is divided by t?
17
Let o be 6/(-8)*(-8 - -4). Suppose o*d = -15, 0 = h + 26*d - 24*d - 23. What is the remainder when 163 is divided by h?
31
Let b = -5337 + 6239. What is the remainder when b is divided by 55?
22
Suppose 0 = u + 5*z - 4769, -z = 90*u - 87*u - 14391. What is the remainder when u is divided by 14?
11
Let g(q) = 81*q + 11091. Calculate the remainder when g(-130) is divided by 460.
101
Let u be (-156)/(((-1)/6)/(9/(-81))). Let b = 275 + u. Calculate the remainder when b is divided by 16.
11
Suppose 2*d = 2*q + 6, d - 12 = 2*q - 9. Suppose 5*a - 12*a + 280 = q. Calculate the remainder when 4/(-12) + 595/3 is divided by a.
38
Suppose 4*v + 0*v = -0*v. What is the remainder when 11 is divided by 4/(-1) - (v - 55)/5?
4
Suppose -5*g + 3*u + 508 = 0, -33*g - 2*u + 125 = -32*g. Calculate the remainder when 2027 is divided by g.
101
Let m = 207 - 29. Let k(i) = i**2 + 6*i + 16. Calculate the remainder when m is divided by k(-7).
17
What is the remainder when (-10)/(-4) + (-599814)/(-188) is divided by 47?
44
Suppose 5*x - 3027 = -2*o, o = -76*x + 79*x - 1803. Calculate the remainder when x is divided by 32.
27
Suppose 0*m = m - 4*x - 21, 2*m + 3*x = -13. Let u(y) = 16*y**2 + y. Calculate the remainder when u(m) is divided by (-39)/52 + (9/(-10))/(12/(-130)).
8
Let j = -21 - -57. Suppose -2*i = -0*i + 60. Let z = i - -49. Calculate the remainder when j is divided by z.
17
Calculate the remainder when 177 is divided by 162/((-10)/(-65)*13).
15
What is the remainder when 12407 is divided by (-66778)/(-3114) - (42/(-27) + 2)?
17
Calculate the remainder when 2337152/768 + 1/(-6) is divided by 1010.
13
Let r(q) = -3*q**3 - 30*q**2 - 3*q + 19. Suppose -g + 53 = 3*g - 5*t, 0 = -5*g - 4*t + 97. What is the remainder when r(-10) is divided by g?
15
Suppose 17*f - 54*f = -2738. Let z(n) = -n - 11. Suppose -2*i - 2*g - 42 = 0, -3*i - 5*g = 36 + 25. Calculate the remainder when f is divided by z(i).
8
Let b = 6268 + -6230. What is the remainder when 1414/35 + 6/10 is divided by b?
3
Let n(x) = x**3 - 44*x**2 - 141*x + 21. What is the remainder when 354 is divided by n(47)?
18
Let c = -256 + 923. Suppose 17*p = 438 + c. Let d = -4 - -21. Calculate the remainder when p is divided by d.
14
Let z(h) = h**3 + 2*h**2 - 8*h + 38. Let n be z(-6). Let a = 275 + n. Calculate the remainder when a is divided by 44.
41
Suppose -8*y = -9*y - 2*j + 153, 0 = -5*y + 2*j + 717. Let r = -130 + y. What is the remainder when r is divided by 7?
1
What is the remainder when 1032 is divided by (10/25)/((-8)/(-2920))?
10
Let a be (-42)/((-35)/(-50)*(-4)/(-7)). Let m be (a/(-28))/(4/((-32)/(-3))). What is the remainder when 1/2 + ((-375)/m)/(-1) is divided by 8?
6
Let v(p) = 171*p**2 + p + 2. Suppose 16*n + 0*n - 16 = 0. Let y(q) = -3*q + 11. What is the remainder when v(n) is divided by y(-8)?
34
Let t be ((-4)/12)/(-2 - (-535)/267). Let k = 164 + t. What is the remainder when k is divided by 20?
15
Suppose -5*r + d = -9, r - d - 4 = -3*d. Suppose -5*h + 886 = -2*f - 335, -r*f = -4. What is the remainder when h is divided by 83?
79
Suppose 2*b + 12 - 10 = d, -4*d = -3*b - 8. Suppose 0 = -5*q + 15, d*s = -0*q + 2*q + 102. Calculate the remainder when s is divided by 8.
6
Suppose 4*b - 352 = -388. Let s = 16 - b. What is the remainder when 149 is divided by s?
24
Let n(t) = 2*t**3 + 2*t**2 + 21*t - 13. Calculate the remainder when n(9) is divided by 120.
116
Calculate the remainder when 8109 is divided by 10/(-3)*11817/(-1515).
23
Suppose -4*k + 25 = 1. Suppose -9 = 3*j - k*j. Suppose -h = j*r - 22, 5*r - 32 = 2*h - 6*h. Calculate the remainder when 29 is divided by r.
5
Let x = 136 - 36. Let l = 109 - x. What is the remainder when 49 is divided by l?
4
Let c = 3 + -5. Suppose -11*b + 77 = 3*x - 7*b, 2*b - 23 = -x. Calculate the remainder when x is divided by 24 + -2 - (c + 4).
11
Let f(o) = -o - 2 + 5*o**3 - 1 + 1 - 18*o**3. Let k be f(-1). Let r(p) = p + 23. What is the remainder when 103 is divided by r(k)?
33
Let f(a) = -a**2 - 25*a + 57. Let y be f(-25). Suppose 0 = -l, 4*d + 0*l - 152 = 4*l. Let x = y - d. What is the remainder when 93 is divided by x?
17
Suppose 0 = 2*f + 5*x - 474, 5*f - 2*x = x + 1123. Let v = -146 + f. Calculate the remainder when v is divided by 43.
38
Let x = -2859 + 5307. What is the remainder when x is divided by 10?
8
Suppose -5*c - 4*w + 3973 = 0, 11*w - 14*w + 3179 = 4*c. Calculate the remainder when c is divided by 9.
5
Suppose 0 = 3*r + 3*k - 27, 0*r - k - 7 = -3*r. Let c be 5*1/5 + r. Let a = 15 - c. Calculate the remainder when a is divided by 3.
1
Suppose -94*t + 4560 = -6626. What is the remainder when t is divided by 25?
19
Let q(x) = 7*x**2 + x. Let b be q(-1). Suppose -3*t + 105 = b. Suppose -4*j + 9 = -2*k - 17, 0 = -4*j - 3*k + 51. What is the remainder when t is divided by j?
6
What is the remainder when 264 is divided by ((-220)/3)/((7150/156)/(-55))?
0
Suppose -4*x - t + 430 = 0, 448 = 17*x - 13*x - 2*t. What is the remainder when 250 is divided by x?
32
Suppose 2*g + 18 + 0 = y, -5*y - 3*g = -116. Suppose -w - 3*x - 21 = 0, -x - y = 2*w + 30. Let k = 4 - w. What is the remainder when k is divided by 23?
8
Let x be 55 - (3/3*-3 - -3). Suppose -5*i + x = s + s, -4*s + 2*i = -50. Suppose v - 36 = s. Calculate the remainder when v is divided by 27.
24
Suppose 2*b = 31558 + 18358 - 4776. What is the remainder when b is divided by 297?
295
Let o = 1612 - 1559. What is the remainder when o is divided by (8/6)/(4/54)?
17
Let l = 52 - -473. Suppose -l = 2*g + 3*g - d, 0 = 4*d. Let s = g - -144. Calculate the remainder when s is divided by 20.
19
Suppose 4 = -3*b - 11, 5*k = 2*b + 90. Let c = 105 - 72. Suppose c*r - 6864 = -55*r. What is the remainder when r is divided by k?
14
Let q(b) = -35*b - 7. Suppose w + m - 10 = 2*m, 0 = -3*w - m + 30. Calculate the remainder when q(-3) is divided by w/((-6)/18*-3).
8
Suppose -2*i + 4*i - 4*s - 58 = 0, 3*s = -9. Let m = 69 + -194. Let z = m + 131. Calculate the remainder when i is divided by z.
5
Suppose -3*w + 10 = -2*m + 35, 6 = m + 5*w. Suppose -339 + 244 = -5*z. Calculate the remainder when z is divided by m.
8
Let c = -192 - -82. Let l = -31 - c. Suppose -4*i + 9 = -l. What is the remainder when i is divided by 3?
1
Suppose -18*l - 128 = -16*l. Let a = -47 - l. Let t = -9 + a. What is the remainder when 23 is divided by t?
7
Let c(p) = 8*p**2 + 40*p + 3. Let y be c(-5). Suppose y*b = -2*q + 166, 4*b + 2*q - 58 = 3*b. Calculate the remainder when b is divided by 5.
4
Suppose -4*f = -4*b - 4, -7*b + 4*b - 4*f + 18 = 0. Suppose 0 = b*u - 5 - 81. What is the remainder when 149 is divided by u?
20
Suppose -3*p - x + 152 = 0, -x + 4 = -2*x. Let z = -223 - -374. What is the remainder when z is divided by p?
47
Let n = 3961 + -3886. What is the remainder when 448 is divided by n?
73
Let q = 1 - -15. Let c be (-3)/(-2)*2/5*5. Suppose 2*l = s - 27, -2*s + c*l + 113 = 2*s. Calculate the remainder when s is divided by q.
13
Suppose -53 = -14*o + 101. Let z(b) = -b**2 - 3*b + 164. Suppose -3*m + 2*d = -51, 4*m = -3*d + 64 + 4. Calculate the remainder when m is divided by z(o).
7
Let f(p) = -p**3 - 47*p**2 - 20*p - 173. What is the remainder when f(-47) is divided by 250?
17
Suppose 0 = -4*m - 16, -5*y + 66 + 144 = 5*m. Suppose -w - 633 = -4*l - 4*w, -4*l - w + 627 = 0. What is the remainder when y is divided by -2 - -6 - l/(-13)?
14
Suppose -7*t + 108 = -3*t. Suppose 15*b = 52*b - 296. Calculate the remainder when 96 + 96/b + 2/(-1) is divided by t.
25
Suppose 5*a - 3*v = 77, 5 = -3*v - 7. Suppose 4*p + 146 = -3*g + 1, 4*g + 80 = -2*p. Let m = 41 + p. What is the remainder when a is divided by m?
6
Let p(s) = 3*s**3 + s**2 - 13. Let k be (5 - (-1 - -3)